{"id":3,"date":"2025-12-30T18:45:33","date_gmt":"2025-12-30T17:45:33","guid":{"rendered":"https:\/\/gauche-unie-alencon-2026.fr\/?page_id=3"},"modified":"2026-01-01T19:08:33","modified_gmt":"2026-01-01T18:08:33","slug":"politique-de-confidentialite","status":"publish","type":"page","link":"https:\/\/gauche-unie-alencon-2026.fr\/?page_id=3","title":{"rendered":"Politique de confidentialit\u00e9"},"content":{"rendered":"\n<h2 class=\"wp-block-heading\">Qui sommes-nous&nbsp;?<\/h2>\n\n\n\n<p>Ce site \u00e9dit\u00e9 par la liste <strong>Gauche unie Alen\u00e7on 2026<\/strong> dont le candidat t\u00eate de liste et Johnny Lafresnaye.<\/p>\n\n\n\n<p>Responsable de la publication, Martin Gibon<\/p>\n\n\n\n<p>Contact : <a href=\"mailto:gaucheunie-alencon2026@proton.me\">gaucheunie-alencon2026@proton.me<\/a><\/p>\n\n\n\n<p>Adresse du site : <a href=\"https:\/\/gauche-unie-alencon-2026.fr\">https:\/\/gauche-unie-alencon-2026.fr<\/a><\/p>\n\n\n\n<h2 class=\"wp-block-heading\">H\u00e9bergement<\/h2>\n\n\n\n<p>Le site est h\u00e9berg\u00e9 par :<br>Gandi SAS<br>Soci\u00e9t\u00e9 par Actions Simplifi\u00e9e au capital de 2 300 000 \u20ac<br>RCS Paris 423 093 459<br>Si\u00e8ge social : 63-65 boulevard Mass\u00e9na, 75013 Paris, France<br>T\u00e9l\u00e9phone : +33 (0)1 70 37 76 61<br>Site web : https:\/\/www.gandi.net<\/p>\n\n\n\n<h2 class=\"wp-block-heading\">Cookies<\/h2>\n\n\n\n<p>Si vous vous rendez sur la page de connexion, un cookie temporaire sera cr\u00e9\u00e9 afin de d\u00e9terminer si votre navigateur accepte les cookies. Il ne contient pas de donn\u00e9es personnelles et sera supprim\u00e9 automatiquement \u00e0 la fermeture de votre navigateur.<\/p>\n\n\n\n<h2 class=\"wp-block-heading\">Contenu embarqu\u00e9 depuis d\u2019autres sites<\/h2>\n\n\n\n<p>Les articles de ce site peuvent inclure des contenus int\u00e9gr\u00e9s (par exemple des vid\u00e9os, images, articles\u2026). Le contenu int\u00e9gr\u00e9 depuis d\u2019autres sites se comporte de la m\u00eame mani\u00e8re que si le visiteur se rendait sur cet autre site.<\/p>\n\n\n\n<p>Ces sites web pourraient collecter des donn\u00e9es sur vous, utiliser des cookies, embarquer des outils de suivis tiers, suivre vos interactions avec ces contenus embarqu\u00e9s si vous disposez d\u2019un compte connect\u00e9 sur leur site web.<\/p>\n\n\n\n<h2 class=\"wp-block-heading\">Utilisation et transmission de vos donn\u00e9es personnelles<\/h2>\n\n\n\n<p>La liste Gauche Unie s\u2019engage \u00e0 ce que la collecte et le traitement de vos donn\u00e9es personnelles soient conformes au R\u00e8glement G\u00e9n\u00e9ral sur la Protection des Donn\u00e9es (RGPD) et \u00e0 la Loi Informatique et Libert\u00e9s.<\/p>\n\n\n\n<p>Pour toute question relative \u00e0 vos donn\u00e9es ou pour exercer vos droits (acc\u00e8s, rectification, suppression, opposition, portabilit\u00e9), vous pouvez contacter : <a href=\"mailto:gaucheunie-alencon2026@proton.me\">gaucheunie-alencon2026@proton.me<\/a><\/p>\n\n\n\n<h2 class=\"wp-block-heading\">Donn\u00e9es collect\u00e9es et finalit\u00e9 d&rsquo;utilisation<\/h2>\n\n\n\n<p>Votre adresse email est collect\u00e9e si vous abonnez \u00e0 la newsletter. C&rsquo;est la seule information personnelle que nous collectons.<\/p>\n\n\n\n<h2 class=\"wp-block-heading\">Les droits que vous avez sur vos donn\u00e9es<\/h2>\n\n\n\n<p>Cette adresse peut \u00eatre supprim\u00e9e sur simple demande ou en cliquant sur le bouton \u00ab\u00a0se d\u00e9sabonner\u00a0\u00bb.<\/p>\n\n\n\n<h2 class=\"wp-block-heading\">O\u00f9 vos donn\u00e9es sont envoy\u00e9es<\/h2>\n\n\n\n<p>Votre adresse email est stock\u00e9e :<\/p>\n\n\n\n<ul class=\"wp-block-list\">\n<li>Pour le formulaire d&rsquo;inscription :  en France par l&rsquo;association Framsoft. <a href=\"https:\/\/framasoft.org\/fr\">https:\/\/framasoft.org\/fr<\/a><\/li>\n\n\n\n<li>Pour le service de messagerie : en Suisse par l&rsquo;entreprise Proton. <a href=\"https:\/\/proton.me\/fr\/mail\">https:\/\/proton.me\/fr\/mail<\/a><\/li>\n<\/ul>\n\n\n\n<h2 class=\"wp-block-heading\">Droit applicable<\/h2>\n\n\n\n<p>Les pr\u00e9sentes mentions l\u00e9gales sont soumises au droit fran\u00e7ais.<br>Tout litige relatif \u00e0 l\u2019utilisation du site sera soumis \u00e0 la comp\u00e9tence exclusive des juridictions fran\u00e7aises.<\/p>\n","protected":false},"excerpt":{"rendered":"<p>Qui sommes-nous&nbsp;? Ce site \u00e9dit\u00e9 par la liste Gauche unie Alen\u00e7on 2026 dont le candidat t\u00eate de liste et Johnny Lafresnaye. Responsable de la publication, Martin Gibon Contact : gaucheunie-alencon2026@proton.me Adresse du site : https:\/\/gauche-unie-alencon-2026.fr H\u00e9bergement Le site est h\u00e9berg\u00e9 par :Gandi SASSoci\u00e9t\u00e9 par Actions Simplifi\u00e9e au capital de 2 300 000 \u20acRCS Paris 423 [&hellip;]<\/p>\n","protected":false},"author":1,"featured_media":0,"parent":0,"menu_order":0,"comment_status":"closed","ping_status":"open","template":"","meta":{"footnotes":""},"class_list":["post-3","page","type-page","status-publish","hentry"],"_links":{"self":[{"href":"https:\/\/gauche-unie-alencon-2026.fr\/index.php?rest_route=\/wp\/v2\/pages\/3","targetHints":{"allow":["GET"]}}],"collection":[{"href":"https:\/\/gauche-unie-alencon-2026.fr\/index.php?rest_route=\/wp\/v2\/pages"}],"about":[{"href":"https:\/\/gauche-unie-alencon-2026.fr\/index.php?rest_route=\/wp\/v2\/types\/page"}],"author":[{"embeddable":true,"href":"https:\/\/gauche-unie-alencon-2026.fr\/index.php?rest_route=\/wp\/v2\/users\/1"}],"replies":[{"embeddable":true,"href":"https:\/\/gauche-unie-alencon-2026.fr\/index.php?rest_route=%2Fwp%2Fv2%2Fcomments&post=3"}],"version-history":[{"count":2,"href":"https:\/\/gauche-unie-alencon-2026.fr\/index.php?rest_route=\/wp\/v2\/pages\/3\/revisions"}],"predecessor-version":[{"id":111,"href":"https:\/\/gauche-unie-alencon-2026.fr\/index.php?rest_route=\/wp\/v2\/pages\/3\/revisions\/111"}],"wp:attachment":[{"href":"https:\/\/gauche-unie-alencon-2026.fr\/index.php?rest_route=%2Fwp%2Fv2%2Fmedia&parent=3"}],"curies":[{"name":"wp","href":"https:\/\/api.w.org\/{rel}","templated":true}]}}